[INFO] cloning repository https://github.com/yeliknewo/rs-y_os
[INFO] running `Command { std: "git" "-c" "credential.helper=" "-c" "credential.helper=/workspace/cargo-home/bin/git-credential-null" "clone" "--bare" "https://github.com/yeliknewo/rs-y_os" "/workspace/cache/git-repos/https%3A%2F%2Fgithub.com%2Fyeliknewo%2Frs-y_os", kill_on_drop: false }`
[INFO] [stderr] Cloning into bare repository '/workspace/cache/git-repos/https%3A%2F%2Fgithub.com%2Fyeliknewo%2Frs-y_os'...
[INFO] running `Command { std: "git" "rev-parse" "HEAD", kill_on_drop: false }`
[INFO] [stdout] 09e3b5f04d281a3e4391d32d5b8e5c1a5224c4f0
[INFO] building yeliknewo/rs-y_os against master#ff34b919075f35a1787659e9c448a34b06bab8de for issue-85264
[INFO] running `Command { std: "git" "clone" "/workspace/cache/git-repos/https%3A%2F%2Fgithub.com%2Fyeliknewo%2Frs-y_os" "/workspace/builds/worker-4/source", kill_on_drop: false }`
[INFO] [stderr] Cloning into '/workspace/builds/worker-4/source'...
[INFO] [stderr] done.
[INFO] validating manifest of git repo https://github.com/yeliknewo/rs-y_os on toolchain ff34b919075f35a1787659e9c448a34b06bab8de
[INFO] running `Command { std: "/workspace/cargo-home/bin/cargo" "+ff34b919075f35a1787659e9c448a34b06bab8de" "metadata" "--manifest-path" "Cargo.toml" "--no-deps", kill_on_drop: false }`
[INFO] started tweaking git repo https://github.com/yeliknewo/rs-y_os
[INFO] finished tweaking git repo https://github.com/yeliknewo/rs-y_os
[INFO] tweaked toml for git repo https://github.com/yeliknewo/rs-y_os written to /workspace/builds/worker-4/source/Cargo.toml
[INFO] crate git repo https://github.com/yeliknewo/rs-y_os already has a lockfile, it will not be regenerated
[INFO] running `Command { std: "/workspace/cargo-home/bin/cargo" "+ff34b919075f35a1787659e9c448a34b06bab8de" "fetch" "--manifest-path" "Cargo.toml", kill_on_drop: false }`
[INFO] running `Command { std: "docker" "create" "-v" "/var/lib/crater-agent-workspace/builds/worker-4/target:/opt/rustwide/target:rw,Z" "-v" "/var/lib/crater-agent-workspace/builds/worker-4/source:/opt/rustwide/workdir:ro,Z" "-v" "/var/lib/crater-agent-workspace/cargo-home:/opt/rustwide/cargo-home:ro,Z" "-v" "/var/lib/crater-agent-workspace/rustup-home:/opt/rustwide/rustup-home:ro,Z" "-e" "SOURCE_DIR=/opt/rustwide/workdir" "-e" "CARGO_TARGET_DIR=/opt/rustwide/target" "-e" "CARGO_HOME=/opt/rustwide/cargo-home" "-e" "RUSTUP_HOME=/opt/rustwide/rustup-home" "-w" "/opt/rustwide/workdir" "-m" "1610612736" "--user" "0:0" "--network" "none" "ghcr.io/rust-lang/crates-build-env/linux@sha256:20528e8c29e4536546f0102ce88568b16ea7538393a33fcca951030f7af10457" "/opt/rustwide/cargo-home/bin/cargo" "+ff34b919075f35a1787659e9c448a34b06bab8de" "metadata" "--no-deps" "--format-version=1", kill_on_drop: false }`
[INFO] [stdout] 848b96e756a7fbce15f45fe2c918e80e8ef2ca0c2b3d8e11e5f20f26387044c7
[INFO] [stderr] WARNING: Your kernel does not support swap limit capabilities or the cgroup is not mounted. Memory limited without swap.
[INFO] running `Command { std: "docker" "start" "-a" "848b96e756a7fbce15f45fe2c918e80e8ef2ca0c2b3d8e11e5f20f26387044c7", kill_on_drop: false }`
[INFO] running `Command { std: "docker" "inspect" "848b96e756a7fbce15f45fe2c918e80e8ef2ca0c2b3d8e11e5f20f26387044c7", kill_on_drop: false }`
[INFO] running `Command { std: "docker" "rm" "-f" "848b96e756a7fbce15f45fe2c918e80e8ef2ca0c2b3d8e11e5f20f26387044c7", kill_on_drop: false }`
[INFO] [stdout] 848b96e756a7fbce15f45fe2c918e80e8ef2ca0c2b3d8e11e5f20f26387044c7
[INFO] running `Command { std: "docker" "create" "-v" "/var/lib/crater-agent-workspace/builds/worker-4/target:/opt/rustwide/target:rw,Z" "-v" "/var/lib/crater-agent-workspace/builds/worker-4/source:/opt/rustwide/workdir:ro,Z" "-v" "/var/lib/crater-agent-workspace/cargo-home:/opt/rustwide/cargo-home:ro,Z" "-v" "/var/lib/crater-agent-workspace/rustup-home:/opt/rustwide/rustup-home:ro,Z" "-e" "SOURCE_DIR=/opt/rustwide/workdir" "-e" "CARGO_TARGET_DIR=/opt/rustwide/target" "-e" "CARGO_INCREMENTAL=0" "-e" "RUST_BACKTRACE=full" "-e" "RUSTFLAGS=--cap-lints=forbid" "-e" "CARGO_HOME=/opt/rustwide/cargo-home" "-e" "RUSTUP_HOME=/opt/rustwide/rustup-home" "-w" "/opt/rustwide/workdir" "-m" "1610612736" "--user" "0:0" "--network" "none" "ghcr.io/rust-lang/crates-build-env/linux@sha256:20528e8c29e4536546f0102ce88568b16ea7538393a33fcca951030f7af10457" "/opt/rustwide/cargo-home/bin/cargo" "+ff34b919075f35a1787659e9c448a34b06bab8de" "build" "--frozen" "--message-format=json", kill_on_drop: false }`
[INFO] [stdout] a5af9dcf3c46cca0ec0806bfaa5deed4c732d29c72b6899f3557a83f8ac08a2d
[INFO] [stderr] WARNING: Your kernel does not support swap limit capabilities or the cgroup is not mounted. Memory limited without swap.
[INFO] running `Command { std: "docker" "start" "-a" "a5af9dcf3c46cca0ec0806bfaa5deed4c732d29c72b6899f3557a83f8ac08a2d", kill_on_drop: false }`
[INFO] [stderr]     Blocking waiting for file lock on package cache
[INFO] [stderr]    Compiling libc v0.2.3
[INFO] [stderr]    Compiling rustc-serialize v0.3.16
[INFO] [stderr]    Compiling phf_shared v0.7.9
[INFO] [stderr]    Compiling byteorder v0.3.13
[INFO] [stderr]    Compiling raw-cpuid v2.0.0
[INFO] [stderr]    Compiling spin v0.3.4
[INFO] [stderr]    Compiling multiboot2 v0.1.0 (https://github.com/phil-opp/multiboot2-elf64#76f6fc4c)
[INFO] [stderr]    Compiling rlibc v0.1.4
[INFO] [stderr]    Compiling bitflags v0.3.3 (https://github.com/phil-opp/bitflags.git?branch=no_std#86fd8e70)
[INFO] [stderr]    Compiling advapi32-sys v0.1.2
[INFO] [stdout] error: the legacy LLVM-style asm! syntax is no longer supported
[INFO] [stdout]   --> /opt/rustwide/cargo-home/registry/src/github.com-1ecc6299db9ec823/raw-cpuid-2.0.0/src/lib.rs:47:9
[INFO] [stdout]    |
[INFO] [stdout] 47 |         asm!("movl $0, %eax" : : "{eax}" (eax) : "eax");
[INFO] [stdout]    |         ----^^^^^^^^^^^^^^^^^^^^^^^^^^^^^^^^^^^^^^^^^^^^
[INFO] [stdout]    |         |
[INFO] [stdout]    |         help: replace with: `llvm_asm!`
[INFO] [stdout]    |
[INFO] [stdout]    = note: consider migrating to the new asm! syntax specified in RFC 2873
[INFO] [stdout]    = note: alternatively, switch to llvm_asm! to keep your code working as it is
[INFO] [stdout] 
[INFO] [stdout] 
[INFO] [stdout] error: the legacy LLVM-style asm! syntax is no longer supported
[INFO] [stdout]   --> /opt/rustwide/cargo-home/registry/src/github.com-1ecc6299db9ec823/raw-cpuid-2.0.0/src/lib.rs:48:9
[INFO] [stdout]    |
[INFO] [stdout] 48 |         asm!("movl $0, %ecx" : : "{ecx}" (ecx) : "ecx");
[INFO] [stdout]    |         ----^^^^^^^^^^^^^^^^^^^^^^^^^^^^^^^^^^^^^^^^^^^^
[INFO] [stdout]    |         |
[INFO] [stdout]    |         help: replace with: `llvm_asm!`
[INFO] [stdout]    |
[INFO] [stdout]    = note: consider migrating to the new asm! syntax specified in RFC 2873
[INFO] [stdout]    = note: alternatively, switch to llvm_asm! to keep your code working as it is
[INFO] [stdout] 
[INFO] [stdout] 
[INFO] [stdout] error: the legacy LLVM-style asm! syntax is no longer supported
[INFO] [stdout]   --> /opt/rustwide/cargo-home/registry/src/github.com-1ecc6299db9ec823/raw-cpuid-2.0.0/src/lib.rs:49:9
[INFO] [stdout]    |
[INFO] [stdout] 49 |           asm!("cpuid" : "={eax}"(res.eax) "={ebx}"(res.ebx)
[INFO] [stdout]    |           ^---
[INFO] [stdout]    |           |
[INFO] [stdout]    |  _________help: replace with: `llvm_asm!`
[INFO] [stdout]    | |
[INFO] [stdout] 50 | |                        "={ecx}"(res.ecx) "={edx}"(res.edx)
[INFO] [stdout] 51 | |                      :: "eax", "ebx", "ecx", "edx");
[INFO] [stdout]    | |____________________________________________________^
[INFO] [stdout]    |
[INFO] [stdout]    = note: consider migrating to the new asm! syntax specified in RFC 2873
[INFO] [stdout]    = note: alternatively, switch to llvm_asm! to keep your code working as it is
[INFO] [stdout] 
[INFO] [stdout] 
[INFO] [stdout] error: the legacy LLVM-style asm! syntax is no longer supported
[INFO] [stdout]   --> /opt/rustwide/cargo-home/registry/src/github.com-1ecc6299db9ec823/raw-cpuid-2.0.0/src/lib.rs:64:9
[INFO] [stdout]    |
[INFO] [stdout] 64 |         asm!("movl $0, %eax" : : "{eax}" (eax) : "eax");
[INFO] [stdout]    |         ----^^^^^^^^^^^^^^^^^^^^^^^^^^^^^^^^^^^^^^^^^^^^
[INFO] [stdout]    |         |
[INFO] [stdout]    |         help: replace with: `llvm_asm!`
[INFO] [stdout]    |
[INFO] [stdout]    = note: consider migrating to the new asm! syntax specified in RFC 2873
[INFO] [stdout]    = note: alternatively, switch to llvm_asm! to keep your code working as it is
[INFO] [stdout] 
[INFO] [stdout] 
[INFO] [stdout] error: the legacy LLVM-style asm! syntax is no longer supported
[INFO] [stdout]   --> /opt/rustwide/cargo-home/registry/src/github.com-1ecc6299db9ec823/raw-cpuid-2.0.0/src/lib.rs:65:9
[INFO] [stdout]    |
[INFO] [stdout] 65 |           asm!("cpuid" : "={eax}"(res.eax) "={ebx}"(res.ebx)
[INFO] [stdout]    |           ^---
[INFO] [stdout]    |           |
[INFO] [stdout]    |  _________help: replace with: `llvm_asm!`
[INFO] [stdout]    | |
[INFO] [stdout] 66 | |                        "={ecx}"(res.ecx) "={edx}"(res.edx)
[INFO] [stdout] 67 | |                      :: "eax", "ebx", "ecx", "edx");
[INFO] [stdout]    | |____________________________________________________^
[INFO] [stdout]    |
[INFO] [stdout]    = note: consider migrating to the new asm! syntax specified in RFC 2873
[INFO] [stdout]    = note: alternatively, switch to llvm_asm! to keep your code working as it is
[INFO] [stdout] 
[INFO] [stdout] 
[INFO] [stdout] error[E0635]: unknown feature `core_slice_ext`
[INFO] [stdout]  --> /opt/rustwide/cargo-home/registry/src/github.com-1ecc6299db9ec823/phf_shared-0.7.9/src/lib.rs:2:47
[INFO] [stdout]   |
[INFO] [stdout] 2 | #![cfg_attr(feature = "core", feature(no_std, core_slice_ext, core_str_ext))]
[INFO] [stdout]   |                                               ^^^^^^^^^^^^^^
[INFO] [stdout] 
[INFO] [stdout] 
[INFO] [stdout] error[E0635]: unknown feature `core_str_ext`
[INFO] [stdout]  --> /opt/rustwide/cargo-home/registry/src/github.com-1ecc6299db9ec823/phf_shared-0.7.9/src/lib.rs:2:63
[INFO] [stdout]   |
[INFO] [stdout] 2 | #![cfg_attr(feature = "core", feature(no_std, core_slice_ext, core_str_ext))]
[INFO] [stdout]   |                                                               ^^^^^^^^^^^^
[INFO] [stdout] 
[INFO] [stdout] 
[INFO] [stdout] error[E0422]: cannot find struct, variant or union type `Slice` in module `raw`
[INFO] [stdout]    --> /opt/rustwide/cargo-home/registry/src/github.com-1ecc6299db9ec823/raw-cpuid-2.0.0/src/lib.rs:435:30
[INFO] [stdout]     |
[INFO] [stdout] 435 |             let slice = raw::Slice { data: brand_string_start, len: 3*4 };
[INFO] [stdout]     |                              ^^^^^ not found in `raw`
[INFO] [stdout] 
[INFO] [stdout] 
[INFO] [stdout] error[E0422]: cannot find struct, variant or union type `Slice` in module `raw`
[INFO] [stdout]     --> /opt/rustwide/cargo-home/registry/src/github.com-1ecc6299db9ec823/raw-cpuid-2.0.0/src/lib.rs:2097:34
[INFO] [stdout]      |
[INFO] [stdout] 2097 |                 let slice = raw::Slice { data: brand_string_start, len: 3*4*4 };
[INFO] [stdout]      |                                  ^^^^^ not found in `raw`
[INFO] [stdout] 
[INFO] [stdout] 
[INFO] [stdout] error: aborting due to 2 previous errors
[INFO] [stdout] 
[INFO] [stdout] 
[INFO] [stdout] For more information about this error, try `rustc --explain E0635`.
[INFO] [stdout] 
[INFO] [stderr] error: could not compile `phf_shared`
[INFO] [stderr] 
[INFO] [stderr] To learn more, run the command again with --verbose.
[INFO] [stderr] warning: build failed, waiting for other jobs to finish...
[INFO] [stdout] error[E0642]: patterns aren't allowed in functions without bodies
[INFO] [stdout]    --> /opt/rustwide/cargo-home/registry/src/github.com-1ecc6299db9ec823/rustc-serialize-0.3.16/src/serialize.rs:145:45
[INFO] [stdout]     |
[INFO] [stdout] 145 | ...                   &f_name: &str,
[INFO] [stdout]     |                       ^^^^^^^ pattern not allowed in function without body
[INFO] [stdout] 
[INFO] [stdout] 
[INFO] [stdout] error: aborting due to 7 previous errors
[INFO] [stdout] 
[INFO] [stdout] 
[INFO] [stdout] For more information about this error, try `rustc --explain E0422`.
[INFO] [stdout] 
[INFO] [stdout] error: aborting due to previous error
[INFO] [stdout] 
[INFO] [stdout] 
[INFO] [stdout] For more information about this error, try `rustc --explain E0642`.
[INFO] [stdout] 
[INFO] [stderr] error: build failed
[INFO] running `Command { std: "docker" "inspect" "a5af9dcf3c46cca0ec0806bfaa5deed4c732d29c72b6899f3557a83f8ac08a2d", kill_on_drop: false }`
[INFO] running `Command { std: "docker" "rm" "-f" "a5af9dcf3c46cca0ec0806bfaa5deed4c732d29c72b6899f3557a83f8ac08a2d", kill_on_drop: false }`
[INFO] [stdout] a5af9dcf3c46cca0ec0806bfaa5deed4c732d29c72b6899f3557a83f8ac08a2d
